 - b. Let r(q) = -g(q) + 5*l(q). Let h = 3 - 2. Let t(u) = -u**2. Let n(v) = h*r(v) + 5*t(v). Give n(5).
-6
Let w(x) = 14*x. Let s(n) = 3*n + 0*n - 8*n. Let f(v) = 17*s(v) + 6*w(v). Give f(-3).
3
Let j(k) = -k**2 + 8*k - 10. Let h(a) = 2*a**2 - 16*a + 20. Let d(s) = -6*h(s) - 13*j(s). Let r = -18122 + 18129. Give d(r).
3
Let s = 1058/3 - 352. Let f(m) be the second derivative of s*m**3 + 0 - m**2 + 3*m - 1/4*m**4. What is f(2)?
-6
Suppose -3*q = p + 9, 7*q - 4*q = p - 15. Let s(y) = 2*y**3 + 6*y**2 - 3. Calculate s(q).
-35
Let u(l) = 8*l + 51. Let h(x) = x**3 + 36*x**2 + 36*x + 29. Let y be h(-35). What is u(y)?
3
Let g(z) = -14*z - 23 + 14 - 13*z**2 - 2*z**2 - z**3. Calculate g(-14).
-9
Let a(k) = -10*k - 18. Let i be a(-4). Let c = -18 + i. Let p(s) = s**2 - 5*s + 1. Calculate p(c).
-3
Suppose v + 5*g + 15 = -1, -v + 8 = -g. Let p be 48/v*(-1)/3. Let n(l) = -l**3 - 4*l**2 - 5. Give n(p).
-5
Suppose -5*i - 33 = -8*i. Let n(b) = 75 - 38 + i*b**2 - 38. Determine n(1).
10
Suppose 0 = -6*y + 4 + 20. Let q(t) = -y - t + 2*t + 3 + 2*t**2 + t. Let s(w) = 2*w**3 - w**2 - 2*w - 1. Let a be s(-1). What is q(a)?
3
Let v(d) = 2*d. Let f(o) = 9*o**2 - o + 1. Let q be f(1). Suppose -q = -3*j + 3*g, j + g = -g. Let h be (1 - -1)*j/(-4). Determine v(h).
-2
Let b(h) = 11*h**3 - h**2. Let k(m) = -m**3 + 12*m**2 - 13*m - 20. Let s be k(10). Suppose -55 + s = 5*z. Give b(z).
-12
Let u(t) = 9*t - 88 + 36 + 48 + t**2. Suppose 0*v + 10 = -v. Give u(v).
6
Let w(k) = 3*k + 20. Let c be w(-6). Let x(s) = -5 + 6*s - s**2 + 5*s**2 - 7*s**c + 4*s**2. Calculate x(-7).
2
Let x(i) = -6*i. Suppose 0 = -b + 5*d - 26, -11*b - d = -8*b - 2. Determine x(b).
6
Let k be (-2)/8 + (0 - 1330/(-8)). Let o(l) = -86*l + k*l - 81*l - 1. What is o(-6)?
5
Let i(n) be the first derivative of -4*n**3/3 - n**2 + 3*n - 579. Calculate i(-2).
-9
Let q(n) = n**3 - 5*n**2 + 3*n - 2. Suppose -3*g - 204 - 12 = 0. Let k = g - -75. Determine q(k).
-11
Let f(x) be the second derivative of 1/30*x**5 + 0*x**3 - 2*x + 1/720*x**6 - 1/2*x**4 + 0*x**2 + 0. Let p(l) be the third derivative of f(l). Calculate p(-4).
0
Let q(r) be the third derivative of r**4/24 - 7*r**3/3 - 177*r**2 + r. What is q(5)?
-9
Let z = -195 - -195. Let t(a) be the third derivative of 0 - a**2 - 1/3*a**3 + z*a + 1/24*a**4. Give t(6).
4
Let v(d) = d - 27. Let n = 1225 - 1210. Give v(n).
-12
Let o(i) = i**2 - 4 - 20*i**3 - 1 + 19*i**3. Determine o(0).
-5
Let f(z) = -2*z + 31. Let c(o) = -o + 15. Let y be (-8)/(-6)*(-2 - -5). Let j(r) = y*f(r) - 9*c(r). Calculate j(9).
-2
Let j(c) = -2 - 5*c**3 - 8*c**2 - 5 + 3*c + 6*c**3 - 13. Calculate j(8).
4
Let b(u) = -101*u**3 - 5 - 2*u + 100*u**3 - 9*u**2 + 3*u**2. Give b(-6).
7
Let f(t) be the third derivative of t**8/10080 - t**7/5040 - 13*t**5/60 + 25*t**2. Let z(n) be the third derivative of f(n). Give z(2).
6
Let v = -702 - -696. Let d(y) be the third derivative of -y**5/60 - y**4/6 - y**2. Give d(v).
-12
Let b = 1123 - 1111. Let c(l) = l**3 - 11*l**2 - 13*l + 9. What is c(b)?
-3
Let v(z) = 54*z**2 + 6*z - 3. Let l(f) = -36*f**2 - 4*f + 2. Let q(k) = 7*l(k) + 5*v(k). Determine q(1).
19
Let w = -1544 + 1551. Let h(u) = 6*u - 38. Calculate h(w).
4
Suppose 2*g = 3 + 3. Let d(b) = -g*b + 2*b**3 + 2*b**2 + 10*b**3 + 4*b. Let y(z) = -z + 31. Let n be y(32). Determine d(n).
-11
Let i = -2441 - -2431. Let h(r) be the third derivative of r**6/120 + 11*r**5/60 + 5*r**4/12 + 5*r**3/3 - r**2. Determine h(i).
10
Suppose 0 = -8*z + z + 14. Suppose 3 = z*r - 3. Let x(d) = d**2 + 2 - 5*d + d**2 + 0*d. What is x(r)?
5
Let i = 6 + -9. Let f(a) be the first derivative of 3*a - 1/3*a**3 + 12 + 1/2*a**2. What is f(i)?
-9
Let x(a) = -a**3 + 1. Let h(c) = 3*c**3 + 6*c**2 + 6*c + 1. Let t(d) = -h(d) - 4*x(d). Determine t(6).
-41
Let u(c) = -c + 1. Let o be u(2). Let b(h) be the second derivative of -h**5/4 - h**4/6 - h**3/6 + 256*h. Determine b(o).
4
Let w(v) be the second derivative of -5*v**3/6 + 3*v**2/2 - 173*v + 1. Determine w(-3).
18
Let o(x) = 2*x**2 + 27*x + 26. Let a = -3221 + 3208. What is o(a)?
13
Let c(j) = -2*j**2 + j + 2. Suppose -4*v + 68 = 4*r - v, -3*v = r - 26. Let u = r + -16. Calculate c(u).
-8
Let p(z) = -3*z - 27. Let i be p(-7). Let t(l) = l**3 + 8*l**2 + 8*l - 1. Give t(i).
23
Let u(s) be the second derivative of -1/20*s**5 - 2/3*s**4 + 7/2*s**2 + 0 - s**3 - s. Let x(f) = 2*f + 9. Let v be x(-8). What is u(v)?
0
Let x(g) be the second derivative of -1/12*g**4 - 3*g**2 + 16*g + 0 - 1/2*g**3. Calculate x(-4).
-10
Let g = -5 + -9. Let s(n) = n**3 + 14*n**2 - n - 19. Let o be s(g). Let k(z) = z**3 + 5*z**2 - z - 6. Give k(o).
-1
Let d(g) be the third derivative of -g**5/60 - g**4/24 - 7*g**3/6 + g**2. Suppose -37*c + 36*c + 4 = 0. Let n be ((-8)/c + 2)/2. Determine d(n).
-7
Let c = -388 - -388. Let m(f) be the third derivative of -f**4/24 + 3*f**3/2 + 9*f**2. Determine m(c).
9
Let w(l) = -l + 5. Suppose 5 = -r - 1. Determine w(r).
11
Suppose -4*u - 5*v = 7, -4*u - 3*v - 1 = -0*v. Suppose l - 16 - 1 = -5*j, 5*l + u = 4*j. Let x(n) = n**3 - 2. Determine x(l).
6
Suppose 20*u - 180 + 40 = 0. Let d(m) be the third derivative of -5/6*m**3 - u*m**2 + 0*m + 0 + 1/24*m**4. Determine d(5).
0
Let n(a) = a**2 - 2*a + 3. Let g(o) = -o**2 + 7*o - 10. Let m be g(2). Suppose 7*z - 4 - 17 = m. Calculate n(z).
6
Let z(j) = -4*j**2 - 11*j + 4*j**2 + 6 - 12*j**2 - j**3. Suppose 0 = w + 24 - 13. Let t be z(w). Let a(i) = -i - 6. Determine a(t).
-12
Let m(t) = -43*t**2 + 1. Let u be 6 + (34 + -39)*(1 - 0). Calculate m(u).
-42
Let f be -2*-5*1/10. Let m(i) = 7*i**2 + 1. What is m(f)?
8
Let b be 10/4 + 1/2. Let n(l) = -7 + 3*l - 2*l - 2 + b. Calculate n(7).
1
Let l(s) = 4*s**2 + 3*s + 15. Suppose -15 + 0 = -5*k. Let z(b) = 7*b**2 + 5*b + 29. Let v be 2*(1 + -4 + 2/4). Let n(g) = k*z(g) + v*l(g). Calculate n(0).
12
Suppose -2*c + 3*z = 6, -4*c - 4*z + 10 = z. Suppose -3*v + 14 - 8 = c. Let n(q) = -3*q - 14 + 13 - 2*q**2 + 4*q. Determine n(v).
-7
Let s(j) be the first derivative of 5*j**2/2 + 15*j + 37. What is s(-6)?
-15
Let f(w) = 3*w**2. Suppose 47*d = 43*d + 8. Calculate f(d).
12
Let a(r) = -r**2 + 4 - 3*r**2 - 10 + r**3 + 2*r - 2*r**2. What is a(5)?
-21
Let i(y) = -4*y + 1. Let r(n) = 9*n - 5. Let a(g) = -6*i(g) - 2*r(g). Determine a(5).
34
Let c(l) = -l**3 + 9*l**2 + 6*l + 28. Suppose 69*y = 75*y - 60. What is c(y)?
-12
Let d(p) = -2 + 3 - 2 + p. Determine d(2).
1
Let o(m) = m - 6. Suppose 0*r + r = 2*d + 96, 0 = r. Let b = 55 + d. Calculate o(b).
1
Let g(j) be the second derivative of j**4/12 + 3*j**3/2 + 5*j**2 + 3*j. Suppose 0 = 2*r + r + 21. Calculate g(r).
-4
Let a = 15 + -5. Let x(t) = -t**2 + 9*t + 9. Let n be x(a). Let b(m) = -10*m**3 - 2*m**2 + 1. Give b(n).
9
Let b(i) = -i**3 - 6*i**2 - 5. Let v = -365 - -359. Calculate b(v).
-5
Let f(a) = -10*a + 1. Let s(y) = y**2 + y + 1. Let p be s(-1). What is f(p)?
-9
Let v(x) = -2*x + 8. Let r be (34 - 35) + 5*2. Give v(r).
-10
Let w(t) be the third derivative of t**5/60 - t**4/12 + 2*t**3/3 - 262*t**2. Give w(3).
7
Let g = 6240 - 6231. Let r(h) be the second derivative of h**3/6 - 5*h**2 + h. What is r(g)?
-1
Let s(h) be the second derivative of h**5/20 - h**4/3 + h**3/2 - 3*h**2/2 + 139*h. Give s(5).
37
Suppose -3*t - 5*h + 29 = -3*h, -5*t - h = -53. Suppose -5*z + 4*y - 33 = y, y + t = -2*z. Let u(m) = -m**3 - 4*m**2 + 9*m + 5. Give u(z).
23
Let i(g) = g**2 + 1290*g + 6*g**3 - 17*g**3 - 1290*g. Let j = 3 - 2. What is i(j)?
-10
Let m(h) = -h**3 - h**2 + 1. Let z be m(1). Let t(s) be the third derivative of 9*s**2 + 0 + 1/6*s**3 + 1/12*s**5 + 0*s + 1/12*s**4. What is t(z)?
4
Let w be (-12)/(-10) + 2 + (-33)/15. Let j be (2/w)/(5/(-10)). Let g(c) = c**2 + 5*c + 4. Calculate g(j).
0
Let i(n) be the first derivative of n**3/3 - 4*n + 1. Suppose o - p - 19 = 2*o, 4*o = -5*p - 81. Let c = o - -17. Determine i(c).
5
Let k(z) be the first derivative of -z**4/4 + z**2 + 1. Let l = -1146 + 1148. Determine k(l).
-4
Suppose 40*d + 14 = 42*d. Let h(z) = z**2 - 4*z - 3. Determine h(d).
18
Let v = -84 - -51. Let w be v/(-7) + 2/7. Suppose 5 = 5*d - w. Let j(l) = l**3 - 2*l**2 + 2*l - 2. What is j(d)?
2
Let i(p) = 5*p. Let q(r) = -10*r. Let a(k) = -7*i(k) - 3*q(k). Suppose 0 = -5*z + 2*u + 133, -z - 3*u = -2*z + 37. Suppose -z*y + 10 = -20*y. Calculate a(y).
-10
Let p(c) = -